{"id":123,"date":"2025-08-04T20:35:10","date_gmt":"2025-08-04T18:35:10","guid":{"rendered":"http:\/\/bartendercocktailcontest.fr\/?page_id=123"},"modified":"2025-08-04T20:44:16","modified_gmt":"2025-08-04T18:44:16","slug":"elementor-123","status":"publish","type":"page","link":"https:\/\/bartendercocktailcontest.fr\/index.php\/elementor-123\/","title":{"rendered":"Edition 2025"},"content":{"rendered":"\t\t<div data-elementor-type=\"wp-page\" data-elementor-id=\"123\" class=\"elementor elementor-123\">\n\t\t\t\t<div class=\"elementor-element elementor-element-d291d2f e-flex e-con-boxed e-con e-parent\" data-id=\"d291d2f\" data-element_type=\"container\">\n\t\t\t\t\t<div class=\"e-con-inner\">\n\t\t\t\t<div class=\"elementor-element elementor-element-fd5111d elementor-widget elementor-widget-heading\" data-id=\"fd5111d\" data-element_type=\"widget\" data-widget_type=\"heading.default\">\n\t\t\t\t<div class=\"elementor-widget-container\">\n\t\t\t\t\t<h2 class=\"elementor-heading-title elementor-size-default\">EDITION 2025 :<\/h2>\t\t\t\t<\/div>\n\t\t\t\t<\/div>\n\t\t\t\t\t<\/div>\n\t\t\t\t<\/div>\n\t\t<div class=\"elementor-element elementor-element-64d66f0 e-flex e-con-boxed e-con e-parent\" data-id=\"64d66f0\" data-element_type=\"container\">\n\t\t\t\t\t<div class=\"e-con-inner\">\n\t\t\t\t<div class=\"elementor-element elementor-element-2d005ea elementor-widget elementor-widget-text-editor\" data-id=\"2d005ea\" data-element_type=\"widget\" data-widget_type=\"text-editor.default\">\n\t\t\t\t<div class=\"elementor-widget-container\">\n\t\t\t\t\t\t\t\t\t<h1>\u00a0&#8220;B\u00e2tir l\u2019avenir&#8221;<\/h1><h3>Nos m\u00e9tiers sont chaque jour confront\u00e9 \u00e0 la r\u00e9alit\u00e9 de la soci\u00e9t\u00e9. Depuis quelques ann\u00e9es, se pose la question du mieux consommer. De fait, est venue l\u2019id\u00e9e d\u2019articuler le th\u00e8me de cette ann\u00e9e autour de l\u2019\u00e9coresponsabilit\u00e9.<\/h3><h3>Le choix des produits, la ma\u00eetrise des techniques, des co\u00fbts, etc\u2026 sont autant de comp\u00e9tences que se doit de poss\u00e9der un Bartender, surtout s\u2019il a fait le choix de la mixologie.<\/h3><h3>Le circuit-court, le Bio, le z\u00e9ro d\u00e9chet, sont autant d\u2019atouts qui permettent au Bartender de demain d\u2019apporter sa pierre \u00e0 l\u2019\u00e9difice de la pr\u00e9servation de notre plan\u00e8te tout en pensant au plaisir de ses clients. C\u2019est ce choix qui a \u00e9t\u00e9 fait pour l\u2019\u00e9dition 2025 du Bartender Cocktail Contest, celui de l\u2019avenir, de l\u2019\u00e9coresponsabilit\u00e9.<\/h3><h3>A toi de relever le d\u00e9fi !<\/h3>\t\t\t\t\t\t\t\t<\/div>\n\t\t\t\t<\/div>\n\t\t\t\t\t<\/div>\n\t\t\t\t<\/div>\n\t\t<div class=\"elementor-element elementor-element-9dba820 e-flex e-con-boxed e-con e-parent\" data-id=\"9dba820\" data-element_type=\"container\">\n\t\t\t\t\t<div class=\"e-con-inner\">\n\t\t\t\t<div class=\"elementor-element elementor-element-45e5e19 elementor-align-center elementor-widget elementor-widget-button\" data-id=\"45e5e19\" data-element_type=\"widget\" data-widget_type=\"button.default\">\n\t\t\t\t<div class=\"elementor-widget-container\">\n\t\t\t\t\t\t\t\t\t<div class=\"elementor-button-wrapper\">\n\t\t\t\t\t<a class=\"elementor-button elementor-button-link elementor-size-sm\" href=\"http:\/\/bartendercocktailcontest.fr\/index.php\/inscriptions-2025\/\" target=\"_blank\">\n\t\t\t\t\t\t<span class=\"elementor-button-content-wrapper\">\n\t\t\t\t\t\t\t\t\t<span class=\"elementor-button-text\">Inscription<\/span>\n\t\t\t\t\t<\/span>\n\t\t\t\t\t<\/a>\n\t\t\t\t<\/div>\n\t\t\t\t\t\t\t\t<\/div>\n\t\t\t\t<\/div>\n\t\t\t\t\t<\/div>\n\t\t\t\t<\/div>\n\t\t\t\t<\/div>\n\t\t","protected":false},"excerpt":{"rendered":"<p>EDITION 2025 : \u00a0&#8220;B\u00e2tir l\u2019avenir&#8221; Nos m\u00e9tiers sont chaque jour confront\u00e9 \u00e0 la r\u00e9alit\u00e9 de la soci\u00e9t\u00e9. Depuis quelques ann\u00e9es, [&hellip;]<\/p>\n","protected":false},"author":1,"featured_media":0,"parent":0,"menu_order":0,"comment_status":"closed","ping_status":"closed","template":"","meta":{"site-sidebar-layout":"no-sidebar","site-content-layout":"","ast-site-content-layout":"full-width-container","site-content-style":"default","site-sidebar-style":"default","ast-global-header-display":"","ast-banner-title-visibility":"","ast-main-header-display":"","ast-hfb-above-header-display":"","ast-hfb-below-header-display":"","ast-hfb-mobile-header-display":"","site-post-title":"disabled","ast-breadcrumbs-content":"","ast-featured-img":"disabled","footer-sml-layout":"","theme-transparent-header-meta":"","adv-header-id-meta":"","stick-header-meta":"","header-above-stick-meta":"","header-main-stick-meta":"","header-below-stick-meta":"","astra-migrate-meta-layouts":"default","ast-page-background-enabled":"default","ast-page-background-meta":{"desktop":{"background-color":"var(--ast-global-color-5)","background-image":"","background-repeat":"repeat","background-position":"center center","background-size":"auto","background-attachment":"scroll","background-type":"","background-media":"","overlay-type":"","overlay-color":"","overlay-opacity":"","overlay-gradient":""},"tablet":{"background-color":"","background-image":"","background-repeat":"repeat","background-position":"center center","background-size":"auto","background-attachment":"scroll","background-type":"","background-media":"","overlay-type":"","overlay-color":"","overlay-opacity":"","overlay-gradient":""},"mobile":{"background-color":"","background-image":"","background-repeat":"repeat","background-position":"center center","background-size":"auto","background-attachment":"scroll","background-type":"","background-media":"","overlay-type":"","overlay-color":"","overlay-opacity":"","overlay-gradient":""}},"ast-content-background-meta":{"desktop":{"background-color":"var(--ast-global-color-4)","background-image":"","background-repeat":"repeat","background-position":"center center","background-size":"auto","background-attachment":"scroll","background-type":"","background-media":"","overlay-type":"","overlay-color":"","overlay-opacity":"","overlay-gradient":""},"tablet":{"background-color":"var(--ast-global-color-4)","background-image":"","background-repeat":"repeat","background-position":"center center","background-size":"auto","background-attachment":"scroll","background-type":"","background-media":"","overlay-type":"","overlay-color":"","overlay-opacity":"","overlay-gradient":""},"mobile":{"background-color":"var(--ast-global-color-4)","background-image":"","background-repeat":"repeat","background-position":"center center","background-size":"auto","background-attachment":"scroll","background-type":"","background-media":"","overlay-type":"","overlay-color":"","overlay-opacity":"","overlay-gradient":""}},"footnotes":""},"class_list":["post-123","page","type-page","status-publish","hentry"],"_links":{"self":[{"href":"https:\/\/bartendercocktailcontest.fr\/index.php\/wp-json\/wp\/v2\/pages\/123","targetHints":{"allow":["GET"]}}],"collection":[{"href":"https:\/\/bartendercocktailcontest.fr\/index.php\/wp-json\/wp\/v2\/pages"}],"about":[{"href":"https:\/\/bartendercocktailcontest.fr\/index.php\/wp-json\/wp\/v2\/types\/page"}],"author":[{"embeddable":true,"href":"https:\/\/bartendercocktailcontest.fr\/index.php\/wp-json\/wp\/v2\/users\/1"}],"replies":[{"embeddable":true,"href":"https:\/\/bartendercocktailcontest.fr\/index.php\/wp-json\/wp\/v2\/comments?post=123"}],"version-history":[{"count":11,"href":"https:\/\/bartendercocktailcontest.fr\/index.php\/wp-json\/wp\/v2\/pages\/123\/revisions"}],"predecessor-version":[{"id":136,"href":"https:\/\/bartendercocktailcontest.fr\/index.php\/wp-json\/wp\/v2\/pages\/123\/revisions\/136"}],"wp:attachment":[{"href":"https:\/\/bartendercocktailcontest.fr\/index.php\/wp-json\/wp\/v2\/media?parent=123"}],"curies":[{"name":"wp","href":"https:\/\/api.w.org\/{rel}","templated":true}]}}