{"id":51,"date":"2025-08-03T19:02:51","date_gmt":"2025-08-03T17:02:51","guid":{"rendered":"http:\/\/bartendercocktailcontest.fr\/?page_id=51"},"modified":"2025-08-03T22:28:53","modified_gmt":"2025-08-03T20:28:53","slug":"reglement-bartender-cocktail-contest-iieme-edition-2025","status":"publish","type":"page","link":"https:\/\/bartendercocktailcontest.fr\/index.php\/reglement-bartender-cocktail-contest-iieme-edition-2025\/","title":{"rendered":"R\u00e8glement"},"content":{"rendered":"\n<p class=\"has-text-align-center\"><strong><u>Veillez \u00e0 lire le r\u00e8glement dans son int\u00e9gralit\u00e9 avant de vous inscrire.<\/u><\/strong><strong><\/strong><\/p>\n\n\n\n<p><strong>BARTENDER COCKTAIL CONTEST \u00bb II\u00e8me Edition 2025<\/strong><\/p>\n\n\n\n<h1 class=\"wp-block-heading\">Article 1 : Organisateur<\/h1>\n\n\n\n<p>Le concours est organis\u00e9 par l\u2019UMIH 38, domicili\u00e9 au 107 rue des alli\u00e9s 38100 Grenoble avec l\u2019accompagnement technique de \u00ab Les Sicarios du Cocktail \u00bb, (d\u00e9nomm\u00e9s ci-apr\u00e8s \u00ab l\u2019Organisateur \u00bb),<\/p>\n\n\n\n<p>Ce concours est gratuit, sans obligation d\u2019achat. Toutefois, l\u2019acc\u00e8s \u00e0 Internet est n\u00e9cessaire.<\/p>\n\n\n\n<h1 class=\"wp-block-heading\">Article 2 : Participants \u2013 Acceptation du r\u00e8glement<\/h1>\n\n\n\n<p>Les participants au concours doivent \u00eatre \u00e2g\u00e9s de plus de 18 ans ou l\u00e9galement \u00e9mancip\u00e9s.<\/p>\n\n\n\n<p>Le concours BARTENDER COCKTAIL CONTEST est uniquement ouvert aux barmen\/ barmaids professionnel(e)s sous contrat et travaillant dans le d\u00e9partement de l\u2019Is\u00e8re (38). Une seule participation par personne est autoris\u00e9e. Les salari\u00e9s de l\u2019Organisateur ne sont pas autoris\u00e9s \u00e0 participer. Cette exclusion s\u2019\u00e9tend \u00e9galement aux familles des membres du personnel de l\u2019Organisateur. D\u2019une fa\u00e7on g\u00e9n\u00e9rale est exclue de ce droit de participation, toute personne participant de fa\u00e7on directe ou indirecte \u00e0 la mise en \u0153uvre de ce concours.<\/p>\n\n\n\n<p>L\u2019Organisateur se r\u00e9serve le droit de proc\u00e9der \u00e0 toute v\u00e9rification pour l\u2019application du pr\u00e9sent article.<\/p>\n\n\n\n<p>Les participants ont le choix de la ville dans laquelle ils participeront aux qualifications, cependant les participants ne peuvent s\u2019inscrire que pour une seule qualification.<\/p>\n\n\n\n<p>La participation \u00e0 ce concours implique par les participants l&#8217;acceptation sans r\u00e9serve du r\u00e8glement dans son int\u00e9gralit\u00e9 ainsi que de ses avenants, et de son application par l\u2019Organisateur qui statue en dernier ressort sur tout cas litigieux et toute difficult\u00e9 d\u2019interpr\u00e9tation.<\/p>\n\n\n\n<h1 class=\"wp-block-heading\">Article 3 : Principe<\/h1>\n\n\n\n<p>La comp\u00e9tition BARTENDER COCKTAIL CONTEST est un concours d\u00e9partemental qui r\u00e9unit des candidats issus de l\u2019ensemble du d\u00e9partement de l\u2019Is\u00e8re et qui concourent pour \u00eatre \u00e9lu meilleur Bartender du D\u00e9partement.<\/p>\n\n\n\n<p>Le concours se d\u00e9roule en plusieurs \u00e9tapes :<\/p>\n\n\n\n<ol class=\"wp-block-list\">\n<li><strong><u>INSCRIPTIONS<\/u><\/strong><strong><u> <\/u><\/strong>:<\/li>\n<\/ol>\n\n\n\n<h3 class=\"wp-block-heading\">Cl\u00f4ture le Dimanche 14 Septembre 2025 \u00e0 23h59<br><br>SELECTIONS :<br>Grenoble : 17\/09\/2025, Place aux Herbes \u00e0 partir de 14h30<br>Vienne : 24\/09\/2025, Place de l\u2019H\u00f4tel de ville \u00e0 partir de 15h00<br>Bourgoin Jallieu : 01\/10\/2025, Promocash \u00e0 partir de 15h00<\/h3>\n\n\n\n<ul class=\"wp-block-list\">\n<li><strong><u>GRANDE FINALE :<\/u><\/strong><\/li>\n<\/ul>\n\n\n\n<p><strong>Date et lieu \u00e0 d\u00e9finir<\/strong><strong><\/strong><strong><br><\/strong><\/p>\n\n\n\n<h1 class=\"wp-block-heading\">Article 4 : Th\u00e8me<\/h1>\n\n\n\n<p>Th\u00e8me 2025 : \u00ab <strong><em>B\u00e2tir l\u2019Avenir<\/em><\/strong>\u00bb. L\u2019objectif est de mettre en avant les enjeux Environnementaux des m\u00e9tiers du Cocktail et comment la Mixologie peut apporter des solutions Eco-responsables au travers du z\u00e9ro d\u00e9chet, du circuit-court, etc\u2026<\/p>\n\n\n\n<p>Chaque candidat devra <strong>imp\u00e9rativement <\/strong>proposer 2 recettes cocktail&nbsp;:<br>&nbsp;1 Recette Originale sur le th\u00e8me de la comp\u00e9tition (<strong>avec ou sans alcool<\/strong>)<br>&nbsp;1 Revisite Eco-Responsable d\u2019un classique du Cocktail, au choix parmi la s\u00e9lection suivante&nbsp;:<br><br>&nbsp;* Pina Colada<br>&nbsp;* Gin Basil Smash<br>&nbsp;* Sex On The Beach<br>&nbsp;* Tequila Sunrise<br>&nbsp;* Clover Club<br>&nbsp;* Mojito<\/p>\n\n\n\n<p>Le candidat devra expliquer, ses inspirations, l\u2019histoire de ses cocktails et ce qui les relient au th\u00e8me.<\/p>\n\n\n\n<h1 class=\"wp-block-heading\">Article 5 : Inscription<\/h1>\n\n\n\n<p>Pour pouvoir participer, il est n\u00e9cessaire que le candidat accepte le r\u00e8glement ainsi que la clause de renonciation et de cession de droits de propri\u00e9t\u00e9 intellectuelle. Sans cela, l\u2019inscription ne pourra pas \u00eatre valid\u00e9e.<\/p>\n\n\n\n<p><em><u>D\u00e9lais :<\/u><\/em><em><\/em><\/p>\n\n\n\n<p>Les inscriptions seront ouvertes d\u00e8s publication du pr\u00e9sent r\u00e8glement et jusqu\u2019aux dates indiqu\u00e9es \u00e0 l\u2019Article 3<\/p>\n\n\n\n<p>Le candidat devra <strong>imp\u00e9rativement <\/strong>faire parvenir son inscription avant la limite de temps via le formulaire mis en ligne sur le site http:\/\/bartendercocktailcontest.fr\/<\/p>\n\n\n\n<p><em><u>THEME 2025<\/u><\/em><em><\/em><\/p>\n\n\n\n<p>Chaque candidat devra proposer 1 recette originale de cocktail inspir\u00e9 du th\u00e8me : \u00ab <strong><em>B\u00e2tir l\u2019Avenir <\/em><\/strong>\u00bb (voir article 4).<\/p>\n\n\n\n<p><em><u>CONSIGNES<\/u><\/em><em><\/em><\/p>\n\n\n\n<p>Chaque candidat devra pr\u00e9senter 2 cocktails <strong>originaux<\/strong><strong> <\/strong>(une cr\u00e9ation sur le th\u00e8me de la comp\u00e9tition \u2013 <em>avec ou sans alcool<\/em> &#8211; + une revisite d\u2019un des classiques propos\u00e9s)<strong> <\/strong>contenant :<\/p>\n\n\n\n<ul class=\"wp-block-list\">\n<li>6 ingr\u00e9dients maximum (hors glace et garnish)<\/li>\n\n\n\n<li>5cl d\u2019alcool <strong>maximum<\/strong><\/li>\n\n\n\n<li>3 produits \u00ab maison \u00bb maximum (fournis par le candidat le jour de la comp\u00e9tition)<\/li>\n<\/ul>\n\n\n\n<p><strong><u><br>A noter :<\/u><\/strong><strong><\/strong><\/p>\n\n\n\n<ul class=\"wp-block-list\">\n<li>Les candidats devront au maximum utiliser des produits disponibles chez le partenaire officiel de l\u2019\u00e9v\u00e8nement <strong>Promocash<\/strong>.<ul><li>L\u2019utilisation de plusieurs r\u00e9f\u00e9rences d\u2019une m\u00eame marque est autoris\u00e9e<\/li><\/ul><ul><li>Les cocktails ne doivent contenir aucun alcool produit sans autorisation l\u00e9gale.<\/li><\/ul><ul><li>Les mac\u00e9rations, liqueurs maisons, infusions, sont autoris\u00e9es \u00e0 condition que l\u2018ensemble des ingr\u00e9dients ayant servis \u00e0 leur fabrication ainsi que le mode de pr\u00e9paration soit explicitement indiqu\u00e9 lors de l\u2019inscription.<\/li><\/ul>\n<ul class=\"wp-block-list\">\n<li>Les cocktails qui incluent des ingr\u00e9dients \u00ab fait maison \u00bb sont admis si une recette compl\u00e8te est fournie au<\/li>\n<\/ul>\n<\/li>\n<\/ul>\n\n\n\n<p>moment de l\u2019inscription.<\/p>\n\n\n\n<ul class=\"wp-block-list\">\n<li>Le nom de la marque de chaque produit ainsi que la r\u00e9f\u00e9rence utilis\u00e9e devront \u00eatre clairement sp\u00e9cifi\u00e9s dans la recette propos\u00e9e par le participant, ainsi que le centilitrage.<\/li>\n<\/ul>\n\n\n\n<h2 class=\"wp-block-heading\">* Les candidats devront soumettre uniquement des images et des recettes r\u00e9sultant de leur propre travail, en proscrivant toute \u00e9ventuelle contrefa\u00e7on ou reprise inappropri\u00e9e d\u2019une recette ou autre.<\/h2>\n\n\n\n<p>Tous les participants doivent se conformer \u00e0 la loi n\u00b091-32 du 10 janvier 1991 dite \u00ab loi Evin \u00bb en ce qui concerne le nom des cocktails, les photos des cocktails et leur prise de parole durant toute la dur\u00e9e du concours. Le nom du cocktail devra \u00eatre original et respecter la loi en vigueur. Il ne devra en aucun cas \u00eatre insultant, diffamant, discriminant, vulgaire ou obsc\u00e8ne. En cas de non-respect, l\u2019Organisateur se r\u00e9serve le droit unilat\u00e9ral d\u2019annuler la candidature du participant.<\/p>\n\n\n\n<p>Apr\u00e8s avoir envoy\u00e9 sa candidature, l\u2019Organisateur v\u00e9rifiera la conformit\u00e9 de la participation puis enverra \u00e0 chaque candidat un email lui confirmant la prise en compte de sa participation au concours (adresse email renseign\u00e9e lors de l\u2019inscription). Toute candidature incompl\u00e8te ou ne respectant pas les dispositions du pr\u00e9sent r\u00e8glement sera annul\u00e9e sans que la responsabilit\u00e9 de l\u2019Organisateur ne puisse \u00eatre engag\u00e9e.<\/p>\n\n\n\n<p>L\u2019Organisateur se r\u00e9serve la possibilit\u00e9 de proc\u00e9der \u00e0 toute v\u00e9rification utile concernant l\u2019identit\u00e9 des participants notamment pour v\u00e9rifier l\u2019exactitude des informations fournies dans le formulaire d\u2019inscription.<\/p>\n\n\n\n<p>Une fois le cocktail soumis, les candidats doivent garder leur recette secr\u00e8te jusqu\u2019aux qualifications sous peine de se<\/p>\n\n\n\n<p>voir disqualifi\u00e9s.<\/p>\n\n\n\n<h1 class=\"wp-block-heading\">Article 6 : S\u00e9lections des finalistes<\/h1>\n\n\n\n<p>Tous les participants ayant re\u00e7u la validation de leur inscription sont qualifi\u00e9s pour la phase de qualification mentionn\u00e9e \u00e0 l\u2019article 3. Les candidats passeront \u00e0 tour de r\u00f4le devant un jury de professionnels et devront pr\u00e9senter leurs cocktails en 2 exemplaires.<\/p>\n\n\n\n<p>Chaque candidat disposera de 2 minutes de mise en place et de 13 minutes de pr\u00e9sentation pour pr\u00e9parer 2 verres identiques pour chacune des recettes (soit 4 verres au total).<br>Le d\u00e9passement du temps imparti entra\u00eenera une p\u00e9nalit\u00e9 de 10%.<\/p>\n\n\n\n<p>Tous les candidats devront venir avec leur propre mat\u00e9riel et verres ou contenants (en 2 exemplaires).<\/p>\n\n\n\n<p>L\u2019ensemble des ingr\u00e9dients n\u00e9cessaires \u00e0 la r\u00e9alisation du cocktail sera fourni par l\u2019Organisateur (hors ingr\u00e9dients faits maison qui devront \u00eatre fournis par le candidat)<\/p>\n\n\n\n<p>Les crit\u00e8res de s\u00e9lection sont les m\u00eames lors des phases de qualification et lors de la finale :<\/p>\n\n\n\n<ul class=\"wp-block-list\">\n<li>35pts : Respect du th\u00e8me et des consignes<\/li>\n\n\n\n<li>10pts&nbsp;: Storytelling, Explication de l\u2019inspiration<\/li>\n\n\n\n<li>25pts : Association des ingr\u00e9dients, parfums, go\u00fbt, \u00e9quilibre et cr\u00e9ativit\u00e9<\/li>\n\n\n\n<li>15pts : Ma\u00eetrise des techniques de Bartending, d\u2019Hygi\u00e8ne et de S\u00e9curit\u00e9<\/li>\n\n\n\n<li>15pts : Aspect visuel du Cocktail<\/li>\n<\/ul>\n\n\n\n<p>(La propret\u00e9 de la station de travail sera prise en compte dans la notation).<\/p>\n\n\n\n<p>Les 2 finalistes de chaque \u00e9tape de qualification seront annonc\u00e9s \u00e0 la fin de chaque phase de qualification.<\/p>\n\n\n\n<p><strong>Article 7 : Finale et Prix <\/strong>(liste non exhaustive)<\/p>\n\n\n\n<p>Les 4 finalistes s\u00e9lectionn\u00e9s participeront \u00e0 la finale D\u00e9partementale qui se tiendra \u00e0 Grenoble (date et heure \u00e0 d\u00e9finir)<\/p>\n\n\n\n<p>Lors de cette comp\u00e9tition, les finalistes devront reproduire leurs cr\u00e9ations cocktail face \u00e0 un panel de juges experts de la mixologie et du milieu des CHR.<\/p>\n\n\n\n<p>Le candidat ayant obtenu le meilleur score sera d\u00e9clar\u00e9 GRAND VAINQUEUR.<\/p>\n\n\n\n<p>Les prix d\u00e9finitifs seront annonc\u00e9s \u00e0 une date ult\u00e9rieure et avant les premi\u00e8res phases de qualification.<\/p>\n\n\n\n<p>Le GRAND VAINQUEUR se verra aussi remettre un troph\u00e9e et se verra aussi invit\u00e9 lors d\u2019un <em>Guest Shift <\/em>dans un Bar \u00e0 Cocktails r\u00e9put\u00e9 du Sud de la France.<\/p>\n\n\n\n<p><br>Le GRAND VAINQUEUR et son cocktail seront mis en avant par l\u2019Organisateur aupr\u00e8s des r\u00e9gies de communication d\u00e9partementales pendant 1 an (presse, digital, relation presse). En \u00e9change, le Grand Vainqueur deviendra<\/p>\n\n\n\n<p>l\u2019ambassadeur de \u00ab BARTENDER COCKTAIL CONTEST \u00bb en Is\u00e8re. Il s\u2019engage \u00e0 promouvoir son cocktail et participera \u00e0 la promotion du concours (r\u00e9union, Masterclass\u2026) de l\u2019\u00e9dition suivante.<\/p>\n\n\n\n<p><strong>Article 8 : Frais de vie<\/strong><\/p>\n\n\n\n<p>Lors de la GRANDE FINALE, les frais de transports seront avanc\u00e9s par les candidats mais pourront \u00eatre rembours\u00e9s par l\u2019Organisateur sur pr\u00e9sentation de justificatifs pour un montant de 100\u20ac maximum par candidat. Les justificatifs sous forme de facture devront \u00eatre transmis par mail \u00e0 <a href=\"mailto:contact@umih38.fr\">contact@umih38.fr<\/a> avant le 01\/12\/2024.<\/p>\n\n\n\n<p>Tout extra et\/ou personnes suppl\u00e9mentaires seront \u00e0 la seule charge des candidats.<\/p>\n\n\n\n<h1 class=\"wp-block-heading\">Article 9 : Clause de renonciation droits de propri\u00e9t\u00e9 intellectuelle<\/h1>\n\n\n\n<p><strong>CLAUSE DE RENONCIATION ET DE CESSION DE DROITS DE PROPRIETE INTELLECTUELLE \u00e0 UMIH 38<\/strong><strong><\/strong><\/p>\n\n\n\n<p>(La pr\u00e9sente clause est aussi pr\u00e9sente sur le formulaire d\u2019inscription.)<\/p>\n\n\n\n<p>L\u2019ensemble des recettes, noms et photographies des cocktails r\u00e9alis\u00e9s dans le cadre du concours par les candidats restent la propri\u00e9t\u00e9 de l\u2019Organisateur.<\/p>\n\n\n\n<p>L\u2019Organisateur se r\u00e9serve le droit de modifier le nom du cocktail s&#8217;il est jug\u00e9 inappropri\u00e9, non conforme \u00e0 la loi Evin. Il ne sera demand\u00e9 aucun accord pr\u00e9alable.<\/p>\n\n\n\n<p><em>\u00ab Je comprends que toutes les photographies des cocktails que je pr\u00e9sente au concours, le portrait, la<\/em><em><\/em><\/p>\n\n\n\n<p><em>signature, la recette et les sources d&#8217;inspiration pourront \u00eatre exploit\u00e9s par l\u2019Organisateur pour r\u00e9aliser son mat\u00e9riel cr\u00e9atif et qu&#8217;ils pourront \u00e9galement \u00eatre utilis\u00e9s dans les m\u00e9dias cibl\u00e9s dans une d\u00e9marche marketing, le tout sans mon accord pr\u00e9alable. Cet accord vaut pour tout support, pour le monde entier et pour la dur\u00e9e des droits de propri\u00e9t\u00e9 intellectuelle. Je renonce donc par la pr\u00e9sente \u00e0 tous les droits que je pourrais avoir. \u00bb<\/em><em><\/em><\/p>\n\n\n\n<h1 class=\"wp-block-heading\">Article 10 : Propri\u00e9t\u00e9 intellectuelle<\/h1>\n\n\n\n<p>Conform\u00e9ment aux dispositions du Code de la propri\u00e9t\u00e9 intellectuelle, la reproduction, la repr\u00e9sentation ou l\u2019exploitation de tout ou partie des \u00e9l\u00e9ments composant ce concours ou pr\u00e9sents sur les sites de l\u2019Organisateur (signes distinctifs, droit d\u2019auteur, dessins et mod\u00e8les\u2026) sont strictement interdites et sont prot\u00e9g\u00e9s par les r\u00e8gles dudit Code.<\/p>\n\n\n\n<h1 class=\"wp-block-heading\">Article 11 : Responsabilit\u00e9<\/h1>\n\n\n\n<p>L\u2019Organisateur ne saurait \u00eatre tenu pour responsable d\u2019\u00e9ventuels dysfonctionnements ayant entra\u00een\u00e9 des d\u00e9faillances dans l\u2019administration, la s\u00e9curit\u00e9, l\u2019\u00e9quit\u00e9, l\u2019int\u00e9grit\u00e9 ou la gestion du pr\u00e9sent concours. L\u2019Organisateur ne saurait notamment \u00eatre d\u00e9clar\u00e9 responsable pour toutes erreurs, omissions, interruptions, pertes de toute donn\u00e9e de ce fait.<\/p>\n\n\n\n<h1 class=\"wp-block-heading\">Article 12 : Donn\u00e9es Personnelles<\/h1>\n\n\n\n<p>En adh\u00e9rant au r\u00e8glement du jeu-concours, le participant consent \u00e0 ce que l\u2019Organisateur, en sa qualit\u00e9 de responsable du traitement, ait acc\u00e8s \u00e0 ses donn\u00e9es afin de prendre en compte sa participation. Ces donn\u00e9es personnelles seront exclusivement utilis\u00e9es par l\u2019Organisateur pour le traitement et la gestion de ce jeu-concours et elles seront conserv\u00e9es le temps n\u00e9cessaire \u00e0 l\u2019accomplissement de l\u2019objectif poursuivi, soit pendant une dur\u00e9e de 24 mois, sauf dispositions l\u00e9gales contraires.<\/p>\n\n\n\n<p>Le participant dispose d\u2019un droit d\u2019acc\u00e8s, de modification, d\u2019opposition et de suppression des donn\u00e9es personnelles le concernant. Pour les exercer, le participant devra adresser un courrier RAR pr\u00e9cisant sa demande \u00e0 UMIH38, 107 rue des alli\u00e9s 38100 Grenoble.<\/p>\n\n\n\n<p>Toute demande devra \u00eatre accompagn\u00e9e d&#8217;un justificatif d&#8217;identit\u00e9 (CNI, passeport ou permis de conduire).<\/p>\n\n\n\n<p>Tout participant ayant communiqu\u00e9 \u00e0 l\u2019Organisateur, via son inscription au pr\u00e9sent concours, des coordonn\u00e9es fausses ou erron\u00e9es, sera exclu du concours sans qu&#8217;il soit possible pour lui d&#8217;effectuer un quelconque recours.<\/p>\n\n\n\n<h1 class=\"wp-block-heading\">Article 13 : Attribution de comp\u00e9tence<\/h1>\n\n\n\n<p>Les participants admettent sans r\u00e9serve que le simple fait de participer \u00e0 ce concours les soumet obligatoirement aux lois fran\u00e7aises, notamment pour tout litige qui viendrait \u00e0 na\u00eetre du fait du concours objet des pr\u00e9sentes ou qui serait directement ou indirectement li\u00e9 \u00e0 celui-ci, ce sans pr\u00e9judice des \u00e9ventuelles r\u00e8gles de conflits de lois pouvant exister. Les participants sont donc soumis \u00e0 la r\u00e9glementation fran\u00e7aise applicable aux jeux et concours. Tout litige qui ne pourra \u00eatre r\u00e9gl\u00e9 \u00e0 l&#8217;amiable, sera soumis \u00e0 la comp\u00e9tence exclusive du Tribunal de commerce de Grenoble, y compris pour les proc\u00e9dures d\u2019urgence ou les proc\u00e9dures conservatoires, en r\u00e9f\u00e9r\u00e9 ou par requ\u00eate et ce, m\u00eame en cas de pluralit\u00e9 de d\u00e9fendeurs, de demande incidente ou d&#8217;appel en garantie.<\/p>\n\n\n\n<p>L&#8217;ABUS D&#8217;ALCOOL EST DANGEREUX POUR LA SANTE, A CONSOMMER AVEC MODERATION.<\/p>\n","protected":false},"excerpt":{"rendered":"<p>Veillez \u00e0 lire le r\u00e8glement dans son int\u00e9gralit\u00e9 avant de vous inscrire. BARTENDER COCKTAIL CONTEST \u00bb II\u00e8me Edition 2025 Article [&hellip;]<\/p>\n","protected":false},"author":1,"featured_media":0,"parent":0,"menu_order":0,"comment_status":"closed","ping_status":"closed","template":"","meta":{"site-sidebar-layout":"default","site-content-layout":"","ast-site-content-layout":"","site-content-style":"default","site-sidebar-style":"default","ast-global-header-display":"","ast-banner-title-visibility":"","ast-main-header-display":"","ast-hfb-above-header-display":"","ast-hfb-below-header-display":"","ast-hfb-mobile-header-display":"","site-post-title":"disabled","ast-breadcrumbs-content":"","ast-featured-img":"","footer-sml-layout":"","theme-transparent-header-meta":"","adv-header-id-meta":"","stick-header-meta":"","header-above-stick-meta":"","header-main-stick-meta":"","header-below-stick-meta":"","astra-migrate-meta-layouts":"default","ast-page-background-enabled":"default","ast-page-background-meta":{"desktop":{"background-color":"var(--ast-global-color-5)","background-image":"","background-repeat":"repeat","background-position":"center center","background-size":"auto","background-attachment":"scroll","background-type":"","background-media":"","overlay-type":"","overlay-color":"","overlay-opacity":"","overlay-gradient":""},"tablet":{"background-color":"","background-image":"","background-repeat":"repeat","background-position":"center center","background-size":"auto","background-attachment":"scroll","background-type":"","background-media":"","overlay-type":"","overlay-color":"","overlay-opacity":"","overlay-gradient":""},"mobile":{"background-color":"","background-image":"","background-repeat":"repeat","background-position":"center center","background-size":"auto","background-attachment":"scroll","background-type":"","background-media":"","overlay-type":"","overlay-color":"","overlay-opacity":"","overlay-gradient":""}},"ast-content-background-meta":{"desktop":{"background-color":"var(--ast-global-color-4)","background-image":"","background-repeat":"repeat","background-position":"center center","background-size":"auto","background-attachment":"scroll","background-type":"","background-media":"","overlay-type":"","overlay-color":"","overlay-opacity":"","overlay-gradient":""},"tablet":{"background-color":"var(--ast-global-color-4)","background-image":"","background-repeat":"repeat","background-position":"center center","background-size":"auto","background-attachment":"scroll","background-type":"","background-media":"","overlay-type":"","overlay-color":"","overlay-opacity":"","overlay-gradient":""},"mobile":{"background-color":"var(--ast-global-color-4)","background-image":"","background-repeat":"repeat","background-position":"center center","background-size":"auto","background-attachment":"scroll","background-type":"","background-media":"","overlay-type":"","overlay-color":"","overlay-opacity":"","overlay-gradient":""}},"footnotes":""},"class_list":["post-51","page","type-page","status-publish","hentry"],"_links":{"self":[{"href":"https:\/\/bartendercocktailcontest.fr\/index.php\/wp-json\/wp\/v2\/pages\/51","targetHints":{"allow":["GET"]}}],"collection":[{"href":"https:\/\/bartendercocktailcontest.fr\/index.php\/wp-json\/wp\/v2\/pages"}],"about":[{"href":"https:\/\/bartendercocktailcontest.fr\/index.php\/wp-json\/wp\/v2\/types\/page"}],"author":[{"embeddable":true,"href":"https:\/\/bartendercocktailcontest.fr\/index.php\/wp-json\/wp\/v2\/users\/1"}],"replies":[{"embeddable":true,"href":"https:\/\/bartendercocktailcontest.fr\/index.php\/wp-json\/wp\/v2\/comments?post=51"}],"version-history":[{"count":4,"href":"https:\/\/bartendercocktailcontest.fr\/index.php\/wp-json\/wp\/v2\/pages\/51\/revisions"}],"predecessor-version":[{"id":114,"href":"https:\/\/bartendercocktailcontest.fr\/index.php\/wp-json\/wp\/v2\/pages\/51\/revisions\/114"}],"wp:attachment":[{"href":"https:\/\/bartendercocktailcontest.fr\/index.php\/wp-json\/wp\/v2\/media?parent=51"}],"curies":[{"name":"wp","href":"https:\/\/api.w.org\/{rel}","templated":true}]}}